11, 53, 121559
List the prime factors of 32942971.
32942971
What are the prime factors of 744167360?
2, 5, 79, 29437
What are the prime factors of 23885883?
3, 7, 54163
What are the prime factors of 107954227?
197, 443, 1237
List the prime factors of 1690350.
2, 3, 5, 59, 191
What are the prime factors of 75353743?
75353743
List the prime factors of 167134448.
2, 13, 67, 179
List the prime factors of 68984060.
2, 5, 19, 181537
What are the prime factors of 131998330?
2, 5, 13199833
What are the prime factors of 1414348099?
17, 83196947
What are the prime factors of 7977343844?
2, 79, 281, 89839
What are the prime factors of 30811923?
3, 31, 110437
List the prime factors of 3163997478.
2, 3, 527332913
List the prime factors of 8502639226.
2, 107, 39731959
What are the prime factors of 207898313?
7, 29699759
What are the prime factors of 132413359?
13, 131, 5981
List the prime factors of 116121661.
116121661
List the prime factors of 641278217.
53, 12099589
List the prime factors of 37625375.
5, 181, 1663
What are the prime factors of 691662585?
3, 5, 46110839
List the prime factors of 127954398.
2, 3, 11, 13, 19, 47, 167
What are the prime factors of 1973181823?
17, 61, 1902779
What are the prime factors of 571837672?
2, 7, 10211387
List the prime factors of 6728058797.
73, 92165189
What are the prime factors of 1281388114?
2, 151, 857, 4951
What are the prime factors of 2708703057?
3, 902901019
List the prime factors of 94500196.
2, 7, 3375007
What are the prime factors of 1349321246?
2, 7, 13, 17, 109, 4001
List the prime factors of 85327820.
2, 5, 4266391
What are the prime factors of 3146392018?
2, 7, 11, 2918731
List the prime factors of 32354939.
32354939
What are the prime factors of 645107176?
2, 7, 1811, 6361
List the prime factors of 425830667.
425830667
List the prime factors of 1187063541.
3, 131895949
List the prime factors of 21821443.
7, 19, 164071
List the prime factors of 270442277.
7, 47, 822013
What are the prime factors of 3727937974?
2, 2467, 755561
List the prime factors of 2119177268.
2, 13, 199, 204791
List the prime factors of 1553384166.
2, 3, 23, 489409
What are the prime factors of 136604641?
136604641
List the prime factors of 4219634555.
5, 149, 1033, 5483
List the prime factors of 128232831.
3, 42744277
What are the prime factors of 5083368?
2, 3, 23, 9209
List the prime factors of 403789626.
2, 3, 22432757
List the prime factors of 33643395.
3, 5, 19, 109
List the prime factors of 1824871018.
2, 17, 2089, 25693
What are the prime factors of 13633658?
2, 6816829
What are the prime factors of 84274648?
2, 10534331
What are the prime factors of 7181607?
3, 2393869
What are the prime factors of 136422824?
2, 17, 1003109
What are the prime factors of 4139150560?
2, 5, 2551, 10141
What are the prime factors of 297057868?
2, 74264467
What are the prime factors of 7034671?
7, 43, 23371
What are the prime factors of 2703260099?
2703260099
What are the prime factors of 185998642?
2, 421, 220901
List the prime factors of 3698995965.
3, 5, 7, 29, 67, 18131
List the prime factors of 956270720.
2, 5, 743, 2011
What are the prime factors of 319156322?
2, 159578161
List the prime factors of 4268901742.
2, 7, 304921553
List the prime factors of 12858290.
2, 5, 17, 43, 1759
List the prime factors of 8330158596.
2, 3, 694179883
List the prime factors of 2443189733.
71, 563, 61121
What are the prime factors of 8290675867?
31, 267441157
What are the prime factors of 1376509?
1376509
List the prime factors of 249737168.
2, 15608573
What are the prime factors of 55662903?
3, 2061589
List the prime factors of 34924067.
34924067
List the prime factors of 352201564.
2, 11, 13, 113, 5449
What are the prime factors of 542226150?
2, 3, 5, 23, 5821
What are the prime factors of 193707125?
5, 1549657
What are the prime factors of 19877365?
5, 3975473
List the prime factors of 63359685.
3, 5, 469331
List the prime factors of 144253737.
3, 211, 25321
List the prime factors of 97259097.
3, 13, 197, 12659
List the prime factors of 45274514.
2, 22637257
What are the prime factors of 42598761?
3, 151, 271, 347
List the prime factors of 78530357.
59, 1331023
List the prime factors of 179639211.
3, 223, 268519
What are the prime factors of 2905812134?
2, 23, 257, 271, 907
What are the prime factors of 145326189?
3, 271, 178753
List the prime factors of 99251985.
3, 5, 7, 397, 2381
List the prime factors of 112593892.
2, 29, 139, 6983
What are the prime factors of 1303628088?
2, 3, 7, 7759691
What are the prime factors of 165475197?
3, 1723, 3557
What are the prime factors of 687689083?
17, 2379547
List the prime factors of 313851277.
313851277
List the prime factors of 390003163.
11, 43, 824531
List the prime factors of 6971707957.
659, 883, 11981
What are the prime factors of 38643883?
38643883
List the prime factors of 690779397.
3, 7, 11, 79, 37853
What are the prime factors of 657421561?
29, 22669709
List the prime factors of 2416522396.
2, 604130599
What are the prime factors of 110236257?
3, 12248473
List the prime factors of 255633894.
2, 3, 1577987
List the prime factors of 120639624.
2, 3, 7, 718093
List the prime factors of 13160609.
7, 11, 67, 2551
What are the prime factors of 107717217?
3, 35905739
What are the prime factors of 8860806065?
5, 37, 73, 656113
List the prime factors of 3382169035.
5, 7, 991, 97511
List the prime factors of 95975487.
3, 137, 77839
What are the prime factors of 124164632?
2, 15520579
What are the prime factors of 63027918?
2, 3, 53, 66067
What are the prime factors of 517408408?
2, 11, 929, 6329
List the prime factors of 1452864952.
2, 7, 11, 2358547
List the prime factors of 1606233821.
139, 11555639
List the prime factors of 252723475.
5, 10108939
What are the prime factors of 159990630?
2, 3, 5, 5333021
What are the prime factors of 2811264880?
2, 5, 71, 6971
List the prime factors of 6101038275.
3, 5, 47, 1730791
What are the prime factors of 12785478?
2, 3, 61, 181, 193
List the prime factors of 879691137.
3, 13, 907, 1913
List the prime factors of 1650306530.
2, 5, 89, 1854277
What are the prime factors of 1103217257?
1103217257
What are the prime factors of 1281424530?
2, 3, 5, 23, 433, 4289
What are the prime factors of 17711818?
2, 1033, 8573
List the prime factors of 1918370355.
3, 5, 11, 17, 683911
List the prime factors of 15618876.
2, 3, 7, 13, 14303
What are the prime factors of 891057930?
2, 3, 5, 7, 1201, 3533
What are the prime factors of 542372891?
542372891
What are the prime factors of 209159480?
2, 5, 31, 168677
List the prime factors of 105048480.
2, 3, 5, 89, 2459
What are the prime factors of 2332022316?
2, 3, 13, 14948861
List the prime factors of 800219905.
5, 37, 4325513
List the prime factors of 27858434.
2, 41, 181, 1877
List the prime factors of 32444355.
3, 5, 2162957
List the prime factors of 29070002.
2, 13, 31, 36067
What are the prime factors of 44906637?
3, 14968879
List the prime factors of 1570065867.
3, 1279, 136397
List the prime factors of 99162263.
397, 249779
List the prime factors of 11119099.
11119099
List the prime factors of 1065093557.
11, 96826687
List the prime factors of 148680242.
2, 97, 766393
What are the prime factors of 1019559139?
17, 59974067
List the prime factors of 1132579931.
7, 161797133
List the prime factors of 165255611.
165255611
List the prime factors of 118275476.
2, 11, 23, 73, 1601
List the prime factors of 9005983.
7, 1286569
What are the prime factors of 982142723?
743, 911, 1451
What are the prime factors of 1005428287?
21617, 46511
What are the prime factors of 97929082?
2, 48964541
List the prime factors of 143875252.
2, 71, 127, 3989
What are the prime factors of 315122748?
2, 3, 43, 610703
What are the prime factors of 2444365404?
2, 3, 13, 61, 28541
What are the prime factors of 191822266?
2, 349, 274817
What are the prime factors of 2458826649?
3, 273202961
What are the prime factors of 423362223?
3, 97, 484951
What are the prime factors of 371090651?
439, 845309
What are the prime factors of 1025642161?
31, 33085231
List the prime factors of 16136314.
2, 809, 9973
List the prime factors of 85187460.
2, 3, 5, 1419791
List the prime factors of 117545258.
2, 5783, 10163
What are the prime factors of 6640350753?
3, 31, 7309, 9769